{"id":8997,"date":"2025-12-13T14:38:04","date_gmt":"2025-12-13T14:38:04","guid":{"rendered":"https:\/\/fundacioninstitutospanama.com\/?page_id=8997"},"modified":"2025-12-13T15:40:50","modified_gmt":"2025-12-13T15:40:50","slug":"chispitas-de-saber","status":"publish","type":"page","link":"https:\/\/fundacioninstitutospanama.com\/?page_id=8997","title":{"rendered":"Chispitas de Saber"},"content":{"rendered":"\t\t<div data-elementor-type=\"wp-page\" data-elementor-id=\"8997\" class=\"elementor elementor-8997\">\n\t\t\t\t\t\t<section class=\"elementor-section elementor-top-section elementor-element elementor-element-5e915a0 elementor-section-boxed elementor-section-height-default elementor-section-height-default\" data-id=\"5e915a0\" data-element_type=\"section\" data-e-type=\"section\">\n\t\t\t\t\t\t<div class=\"elementor-container elementor-column-gap-default\">\n\t\t\t\t\t<div class=\"elementor-column elementor-col-100 elementor-top-column elementor-element elementor-element-5e22ec2\" data-id=\"5e22ec2\" data-element_type=\"column\" data-e-type=\"column\">\n\t\t\t<div class=\"elementor-widget-wrap elementor-element-populated\">\n\t\t\t\t\t\t<div class=\"elementor-element elementor-element-720b67e elementor-widget elementor-widget-image\" data-id=\"720b67e\" data-element_type=\"widget\" data-e-type=\"widget\" data-widget_type=\"image.default\">\n\t\t\t\t<div class=\"elementor-widget-container\">\n\t\t\t\t\t\t\t\t\t\t\t\t\t\t\t<img fetchpriority=\"high\" decoding=\"async\" width=\"2560\" height=\"1440\" src=\"https:\/\/fundacioninstitutospanama.com\/wp-content\/uploads\/2025\/12\/WEB-CHISPITAS-01-scaled.jpg\" class=\"attachment-full size-full wp-image-9003\" alt=\"\" \/>\t\t\t\t\t\t\t\t\t\t\t\t\t\t\t<\/div>\n\t\t\t\t<\/div>\n\t\t\t\t\t<\/div>\n\t\t<\/div>\n\t\t\t\t\t<\/div>\n\t\t<\/section>\n\t\t\t\t<section class=\"elementor-section elementor-top-section elementor-element elementor-element-55e0274 elementor-section-boxed elementor-section-height-default elementor-section-height-default\" data-id=\"55e0274\" data-element_type=\"section\" data-e-type=\"section\">\n\t\t\t\t\t\t<div class=\"elementor-container elementor-column-gap-default\">\n\t\t\t\t\t<div class=\"elementor-column elementor-col-100 elementor-top-column elementor-element elementor-element-53a14f3\" data-id=\"53a14f3\" data-element_type=\"column\" data-e-type=\"column\">\n\t\t\t<div class=\"elementor-widget-wrap elementor-element-populated\">\n\t\t\t\t\t\t<div class=\"elementor-element elementor-element-14e4006 elementor-widget elementor-widget-image\" data-id=\"14e4006\" data-element_type=\"widget\" data-e-type=\"widget\" data-widget_type=\"image.default\">\n\t\t\t\t<div class=\"elementor-widget-container\">\n\t\t\t\t\t\t\t\t\t\t\t\t\t\t\t<img decoding=\"async\" src=\"https:\/\/fundacioninstitutospanama.com\/wp-content\/uploads\/2025\/12\/WEB-CHISPITAS-03.jpg\" class=\"attachment-full size-full wp-image-9009\" alt=\"\" \/>\t\t\t\t\t\t\t\t\t\t\t\t\t\t\t<\/div>\n\t\t\t\t<\/div>\n\t\t\t\t\t<\/div>\n\t\t<\/div>\n\t\t\t\t\t<\/div>\n\t\t<\/section>\n\t\t\t\t<section class=\"elementor-section elementor-top-section elementor-element elementor-element-68e255c elementor-section-boxed elementor-section-height-default elementor-section-height-default\" data-id=\"68e255c\" data-element_type=\"section\" data-e-type=\"section\">\n\t\t\t\t\t\t<div class=\"elementor-container elementor-column-gap-default\">\n\t\t\t\t\t<div class=\"elementor-column elementor-col-100 elementor-top-column elementor-element elementor-element-23a0994\" data-id=\"23a0994\" data-element_type=\"column\" data-e-type=\"column\">\n\t\t\t<div class=\"elementor-widget-wrap elementor-element-populated\">\n\t\t\t\t\t\t<div class=\"elementor-element elementor-element-9c753bf elementor-widget elementor-widget-image\" data-id=\"9c753bf\" data-element_type=\"widget\" data-e-type=\"widget\" data-widget_type=\"image.default\">\n\t\t\t\t<div class=\"elementor-widget-container\">\n\t\t\t\t\t\t\t\t\t\t\t\t\t\t\t<img decoding=\"async\" width=\"2560\" height=\"1440\" src=\"https:\/\/fundacioninstitutospanama.com\/wp-content\/uploads\/2025\/12\/WEB-CHISPITAS-02-scaled.jpg\" class=\"attachment-full size-full wp-image-9007\" alt=\"\" \/>\t\t\t\t\t\t\t\t\t\t\t\t\t\t\t<\/div>\n\t\t\t\t<\/div>\n\t\t\t\t\t<\/div>\n\t\t<\/div>\n\t\t\t\t\t<\/div>\n\t\t<\/section>\n\t\t\t\t<section class=\"elementor-section elementor-top-section elementor-element elementor-element-e709ed1 elementor-section-boxed elementor-section-height-default elementor-section-height-default\" data-id=\"e709ed1\" data-element_type=\"section\" data-e-type=\"section\">\n\t\t\t\t\t\t<div class=\"elementor-container elementor-column-gap-default\">\n\t\t\t\t\t<div class=\"elementor-column elementor-col-100 elementor-top-column elementor-element elementor-element-6d5bf02\" data-id=\"6d5bf02\" data-element_type=\"column\" data-e-type=\"column\">\n\t\t\t<div class=\"elementor-widget-wrap elementor-element-populated\">\n\t\t\t\t\t\t<div class=\"elementor-element elementor-element-09ac0f4 elementor-widget elementor-widget-heading\" data-id=\"09ac0f4\" data-element_type=\"widget\" data-e-type=\"widget\" data-widget_type=\"heading.default\">\n\t\t\t\t<div class=\"elementor-widget-container\">\n\t\t\t\t\t<h1 class=\"elementor-heading-title elementor-size-default\">Matr\u00edcula en L\u00ednea<\/h1>\t\t\t\t<\/div>\n\t\t\t\t<\/div>\n\t\t\t\t\t<\/div>\n\t\t<\/div>\n\t\t\t\t\t<\/div>\n\t\t<\/section>\n\t\t\t\t<section class=\"elementor-section elementor-top-section elementor-element elementor-element-f3bf17a elementor-section-boxed elementor-section-height-default elementor-section-height-default\" data-id=\"f3bf17a\" data-element_type=\"section\" data-e-type=\"section\">\n\t\t\t\t\t\t<div class=\"elementor-container elementor-column-gap-default\">\n\t\t\t\t\t<div class=\"elementor-column elementor-col-100 elementor-top-column elementor-element elementor-element-17eb295\" data-id=\"17eb295\" data-element_type=\"column\" data-e-type=\"column\">\n\t\t\t<div class=\"elementor-widget-wrap elementor-element-populated\">\n\t\t\t\t\t\t<div class=\"elementor-element elementor-element-16d24f9 elementor-widget elementor-widget-wpforms\" data-id=\"16d24f9\" data-element_type=\"widget\" data-e-type=\"widget\" data-widget_type=\"wpforms.default\">\n\t\t\t\t<div class=\"elementor-widget-container\">\n\t\t\t\t\t<style id=\"wpforms-css-vars-root\">\n\t\t\t\t:root {\n\t\t\t\t\t--wpforms-field-border-radius: 3px;\n--wpforms-field-background-color: #ffffff;\n--wpforms-field-border-color: rgba( 0, 0, 0, 0.25 );\n--wpforms-field-text-color: rgba( 0, 0, 0, 0.7 );\n--wpforms-label-color: rgba( 0, 0, 0, 0.85 );\n--wpforms-label-sublabel-color: rgba( 0, 0, 0, 0.55 );\n--wpforms-label-error-color: #d63637;\n--wpforms-button-border-radius: 3px;\n--wpforms-button-background-color: #066aab;\n--wpforms-button-text-color: #ffffff;\n--wpforms-field-size-input-height: 43px;\n--wpforms-field-size-input-spacing: 15px;\n--wpforms-field-size-font-size: 16px;\n--wpforms-field-size-line-height: 19px;\n--wpforms-field-size-padding-h: 14px;\n--wpforms-field-size-checkbox-size: 16px;\n--wpforms-field-size-sublabel-spacing: 5px;\n--wpforms-field-size-icon-size: 1;\n--wpforms-label-size-font-size: 16px;\n--wpforms-label-size-line-height: 19px;\n--wpforms-label-size-sublabel-font-size: 14px;\n--wpforms-label-size-sublabel-line-height: 17px;\n--wpforms-button-size-font-size: 17px;\n--wpforms-button-size-height: 41px;\n--wpforms-button-size-padding-h: 15px;\n--wpforms-button-size-margin-top: 10px;\n\n\t\t\t\t}\n\t\t\t<\/style><style id=\"wpforms-css-vars-elementor-widget-16d24f9\">\n\t\t\t\t.elementor-widget-wpforms.elementor-element-16d24f9 {\n\t\t\t\t\t--wpforms-field-size-input-height: 43px;\n--wpforms-field-size-input-spacing: 15px;\n--wpforms-field-size-font-size: 16px;\n--wpforms-field-size-line-height: 19px;\n--wpforms-field-size-padding-h: 14px;\n--wpforms-field-size-checkbox-size: 16px;\n--wpforms-field-size-sublabel-spacing: 5px;\n--wpforms-field-size-icon-size: 1;\n--wpforms-label-size-font-size: 16px;\n--wpforms-label-size-line-height: 19px;\n--wpforms-label-size-sublabel-font-size: 14px;\n--wpforms-label-size-sublabel-line-height: 17px;\n--wpforms-button-size-font-size: 17px;\n--wpforms-button-size-height: 41px;\n--wpforms-button-size-padding-h: 15px;\n--wpforms-button-size-margin-top: 10px;\n\n\t\t\t\t}\n\t\t\t<\/style><div class=\"wpforms-container wpforms-container-full wpforms-render-modern\" id=\"wpforms-9026\"><form id=\"wpforms-form-9026\" class=\"wpforms-validate wpforms-form wpforms-ajax-form\" data-formid=\"9026\" method=\"post\" enctype=\"multipart\/form-data\" action=\"\/index.php?rest_route=%2Fwp%2Fv2%2Fpages%2F8997&#038;wpforms_form_id=9026\" data-token=\"bcb898fe689c387c541da8a87e9856c4\"><noscript class=\"wpforms-error-noscript\">Por favor, activa JavaScript en tu navegador para completar este formulario.<\/noscript><div class=\"wpforms-hidden\" id=\"wpforms-error-noscript\">Por favor, activa JavaScript en tu navegador para completar este formulario.<\/div><div class=\"wpforms-field-container\"><div id=\"wpforms-9026-field_0-container\" class=\"wpforms-field wpforms-field-name\" data-field-id=\"0\"><label class=\"wpforms-field-label\" for=\"wpforms-9026-field_0\">Yo, ( Escriba su nombre exactamente igual a su cedula) <span class=\"wpforms-required-label\" aria-hidden=\"true\">*<\/span><\/label><input type=\"text\" id=\"wpforms-9026-field_0\" class=\"wpforms-field-medium wpforms-field-required\" name=\"wpforms[fields][0]\" aria-errormessage=\"wpforms-9026-field_0-error\" required><\/div><div id=\"wpforms-9026-field_10-container\" class=\"wpforms-field wpforms-field-layout\" data-field-id=\"10\"><label class=\"wpforms-field-label wpforms-label-hide\" for=\"wpforms-9026-field_10\" aria-hidden=\"false\">Layout<\/label><div class=\"wpforms-field-layout-columns wpforms-field-layout-preset-50-50\"><div class=\"wpforms-layout-column wpforms-layout-column-50\"><div id=\"wpforms-9026-field_57-container\" class=\"wpforms-field wpforms-field-text\" data-field-id=\"57\"><label class=\"wpforms-field-label\" for=\"wpforms-9026-field_57\">con C\u00e9dula de identidad <span class=\"wpforms-required-label\" aria-hidden=\"true\">*<\/span><\/label><input type=\"text\" id=\"wpforms-9026-field_57\" class=\"wpforms-field-medium wpforms-field-required\" name=\"wpforms[fields][57]\" aria-errormessage=\"wpforms-9026-field_57-error\" required><\/div><div id=\"wpforms-9026-field_82-container\" class=\"wpforms-field wpforms-field-select wpforms-field-select-style-classic\" data-field-id=\"82\"><label class=\"wpforms-field-label\" for=\"wpforms-9026-field_82\">estudiante del nivel:  <span class=\"wpforms-required-label\" aria-hidden=\"true\">*<\/span><\/label><select id=\"wpforms-9026-field_82\" class=\"wpforms-field-medium wpforms-field-required\" name=\"wpforms[fields][82]\" required=\"required\"><option value=\"Pre Kinder\" >Pre Kinder<\/option><option value=\"Kinder\" >Kinder<\/option><option value=\"Primer Grado\" >Primer Grado<\/option><option value=\"Segundo Grado\" >Segundo Grado<\/option><option value=\"Tercer Grado\" >Tercer Grado<\/option><option value=\"Cuarto Grado\" >Cuarto Grado<\/option><option value=\"Quinto Grado\" >Quinto Grado<\/option><option value=\"Sexto Grado\" >Sexto Grado<\/option><\/select><\/div><div id=\"wpforms-9026-field_1-container\" class=\"wpforms-field wpforms-field-email\" data-field-id=\"1\"><label class=\"wpforms-field-label\" for=\"wpforms-9026-field_1\">y correo electr\u00f3nico  <span class=\"wpforms-required-label\" aria-hidden=\"true\">*<\/span><\/label><input type=\"email\" id=\"wpforms-9026-field_1\" class=\"wpforms-field-medium wpforms-field-required\" name=\"wpforms[fields][1]\" spellcheck=\"false\" aria-errormessage=\"wpforms-9026-field_1-error\" required><\/div><\/div><div class=\"wpforms-layout-column wpforms-layout-column-50\"><div id=\"wpforms-9026-field_3-container\" class=\"wpforms-field wpforms-field-phone\" data-field-id=\"3\"><label class=\"wpforms-field-label\" for=\"wpforms-9026-field_3\">Con N\u00famero de Celular: <span class=\"wpforms-required-label\" aria-hidden=\"true\">*<\/span><\/label><input type=\"tel\" id=\"wpforms-9026-field_3\" class=\"wpforms-field-medium wpforms-field-required wpforms-smart-phone-field\" data-rule-smart-phone-field=\"true\" name=\"wpforms[fields][3]\" aria-errormessage=\"wpforms-9026-field_3-error\" required><\/div><div id=\"wpforms-9026-field_76-container\" class=\"wpforms-field wpforms-field-text\" data-field-id=\"76\"><label class=\"wpforms-field-label\" for=\"wpforms-9026-field_76\">Acudiente De: <span class=\"wpforms-required-label\" aria-hidden=\"true\">*<\/span><\/label><input type=\"text\" id=\"wpforms-9026-field_76\" class=\"wpforms-field-medium wpforms-field-required\" name=\"wpforms[fields][76]\" aria-errormessage=\"wpforms-9026-field_76-error\" required><\/div><div id=\"wpforms-9026-field_80-container\" class=\"wpforms-field wpforms-field-content\" data-field-id=\"80\"><div id=\"wpforms-9026-field_80\" class=\"wpforms-field-large wpforms-field-row\" name=\"wpforms[fields][80]\" aria-errormessage=\"wpforms-9026-field_80-error\"><h2>Nota:<\/h2>\n<h4>Una vez matriculado el estudiante, se le asignar\u00e1 fecha y hora al acudiente ( siempre en d\u00edas s\u00e1bado ) para la entrevista de admisi\u00f3n.<\/h4>\n<p>&nbsp;<\/p>\n<div class=\"wpforms-field-content-display-frontend-clear\"><\/div><\/div><\/div><\/div><\/div><\/div><div id=\"wpforms-9026-field_8-container\" class=\"wpforms-field wpforms-field-file-upload\" data-field-id=\"8\"><label class=\"wpforms-field-label\" for=\"wpforms-9026-field_8\">Adjunte la Im\u00e1gen del Slip de Pago o Transacci\u00f3n Realizada y la im\u00e1gen de su C\u00e9dula <span class=\"wpforms-required-label\" aria-hidden=\"true\">*<\/span><\/label><input type=\"file\" id=\"wpforms-9026-field_8\" class=\"wpforms-field-required\" data-rule-extension=\"jpg,jpeg,jpe,gif,png,bmp,tiff,tif,webp,avif,ico,heic,heif,heics,heifs,asf,asx,wmv,wmx,wm,avi,divx,mov,qt,mpeg,mpg,mpe,mp4,m4v,ogv,webm,mkv,3gp,3gpp,3g2,3gp2,txt,asc,c,cc,h,srt,csv,tsv,ics,rtx,css,vtt,mp3,m4a,m4b,aac,ra,ram,wav,x-wav,ogg,oga,flac,mid,midi,wma,wax,mka,rtf,pdf,class,tar,zip,gz,gzip,rar,7z,psd,xcf,doc,pot,pps,ppt,wri,xla,xls,xlt,xlw,mpp,docx,docm,dotx,dotm,xlsx,xlsm,xlsb,xltx,xltm,xlam,pptx,pptm,ppsx,ppsm,potx,potm,ppam,sldx,sldm,onetoc,onetoc2,onepkg,oxps,xps,odt,odp,ods,odg,odc,odb,odf,wp,wpd,key,numbers,pages,redux\" data-rule-maxsize=\"2097152\" name=\"wpforms_9026_8\" accept=\".jpg,.jpeg,.jpe,.gif,.png,.bmp,.tiff,.tif,.webp,.avif,.ico,.heic,.heif,.heics,.heifs,.asf,.asx,.wmv,.wmx,.wm,.avi,.divx,.mov,.qt,.mpeg,.mpg,.mpe,.mp4,.m4v,.ogv,.webm,.mkv,.3gp,.3gpp,.3g2,.3gp2,.txt,.asc,.c,.cc,.h,.srt,.csv,.tsv,.ics,.rtx,.css,.vtt,.mp3,.m4a,.m4b,.aac,.ra,.ram,.wav,.x-wav,.ogg,.oga,.flac,.mid,.midi,.wma,.wax,.mka,.rtf,.pdf,.class,.tar,.zip,.gz,.gzip,.rar,.7z,.psd,.xcf,.doc,.pot,.pps,.ppt,.wri,.xla,.xls,.xlt,.xlw,.mpp,.docx,.docm,.dotx,.dotm,.xlsx,.xlsm,.xlsb,.xltx,.xltm,.xlam,.pptx,.pptm,.ppsx,.ppsm,.potx,.potm,.ppam,.sldx,.sldm,.onetoc,.onetoc2,.onepkg,.oxps,.xps,.odt,.odp,.ods,.odg,.odc,.odb,.odf,.wp,.wpd,.key,.numbers,.pages,.redux\" aria-errormessage=\"wpforms-9026-field_8-error\" aria-describedby=\"wpforms-9026-field_8-description\" required><div id=\"wpforms-9026-field_8-description\" class=\"wpforms-field-description\"><h3><b>Efectuar dep\u00f3sito o transacci\u00f3n electr\u00f3nica ACH a:<\/b><br> Fundaci\u00f3n Institutos Panam\u00e1 <br>Cuenta de Ahorro No. 04-48-00-000629-0\r\n\r\n<br><br><b>Pago en Oficina<\/b>: Efectivo, Clave, Visa o Mastercard.\r\n<\/h3><\/div><\/div><div id=\"wpforms-9026-field_81-container\" class=\"wpforms-field wpforms-field-content\" data-field-id=\"81\"><div id=\"wpforms-9026-field_81\" class=\"wpforms-field-large wpforms-field-row\" name=\"wpforms[fields][81]\" aria-errormessage=\"wpforms-9026-field_81-error\"><h2>Me comprometo a:<\/h2>\n<h4><\/h4>\n<p>1. Traer puntualmente a mi hijo (a) seg\u00fan horario establecido en el centro al momento&nbsp; de autorizar las clases presenciales de lo contrario de igual forma me comprometo a conectarme puntualmente a los horarios establecidos por la docencia en las clases virtuales.<\/p>\n<p>2. Me comprometo a estar vestido de manera apropiada y utilizar un lenguaje apropiado durante la conexi\u00f3n de las clases virtuales de mi acudido.<\/p>\n<p>3. Pagar puntualmente la mensualidad a\u00fan si su hijo (a) no haya asistido a clases, si no se ha retirado del centro de manera formal (notificar a la direcci\u00f3n de manera escrita).<\/p>\n<p>4. En clases virtuales y presenciales en caso de retirar a mi hijo (a) debo comunicar inmediatamente a la escuela y cumplir con la mensualidad en curso. Una vez iniciado el per\u00edodo escolar no se devolver\u00e1 dinero de matr\u00edcula, ni la mensualidad de diciembre.<\/p>\n<p>5. La escuela se obliga a contratar un seguro escolar que otorgue cobertura a sus alumnos ante cualquier riesgo que ocurra durante las&nbsp; actividades escolares dentro o fuera de la escuela.<\/p>\n<p>6. El acudiente se obliga a pagar el seguro&nbsp; escolar de acuerdo con la prima de B\/.6.00 contratada por la escuela. Dicho pago se&nbsp; har\u00e1 al momento de matricular a su<br \/>\nacudido.<\/p>\n<p>7. El ajuste de la matr\u00edcula correspondiente al periodo escolar 2026 es de B\/.90.00 y la mensualidad de B\/.90.00 en todos los&nbsp; niveles, independientemente de si la situaci\u00f3n amerita impartir clases virtuales de&nbsp; manera eventual. La matr\u00edcula se desglosa de la siguiente manera:<\/p>\n<table>\n<thead>\n<tr>\n<th>Costo de Matr\u00edcula 2026<\/th>\n<\/tr>\n<tr>\n<th>Concepto<\/th>\n<th class=\"monto\">Monto (B\/.)<\/th>\n<\/tr>\n<\/thead>\n<tbody>\n<tr>\n<td>Matr\u00edcula 2026<\/td>\n<td class=\"monto\">100.00<\/td>\n<\/tr>\n<tr>\n<td>Club de Padres de Familia<\/td>\n<td class=\"monto\">5.00<\/td>\n<\/tr>\n<tr>\n<td>Seguro estudiantil<\/td>\n<td class=\"monto\">8.00<\/td>\n<\/tr>\n<tr>\n<td>Materiales<\/td>\n<td class=\"monto\">50.00<\/td>\n<\/tr>\n<\/tbody>\n<tbody>\n<tr class=\"total-row\">\n<td>TOTAL DE INGRESO<\/td>\n<td class=\"monto\">263.00<\/td>\n<\/tr>\n<tr>\n<td>Adicional 9 Mensualidades<\/td>\n<td class=\"monto\">100.00<\/td>\n<\/tr>\n<\/tbody>\n<\/table>\n<p>8. El total de la mensualidades a pagar es de B\/.900.00 en 9 cuotas, obviando la mensualidad pagada del mes de diciembre en la matr\u00edcula. Los padres que paguen todo su a\u00f1o escolar por adelantado tendr\u00e1n un descuento del 5%de la totalidad de su mensualidad, cuyo costo total ser\u00eda B\/.855.00 Este beneficio es hasta el 30 de enero del 2026.<\/p>\n<p>9. No se devolver\u00e1 matr\u00edcula completa; si decide retirar su ni\u00f1o (a) de este centro, se retendr\u00e1 el 25% de la totalidad (B\/.65.75); si no ha iniciado el a\u00f1o escolar. Una vez iniciado el a\u00f1o escolar no se devolver\u00e1 efectivo.<\/p>\n<p>10.El acudiente se compromete a efectuar el pago de la mensualidad desde el 1 de cada mes de cada mes, a partir del mes de marzo. De incurrir en mora se le adicionar\u00e1 un recargo del 15% a cada mensualidad adeudada (es decir debe pagar 115.00 cada vez que se atrase). En caso de alguna eventualidad en su presupuesto pasar a la direcci\u00f3n a notificarlo el primer d\u00eda de pago (la excusa solo tendr\u00e1 validez una vez en el a\u00f1o escolar).<\/p>\n<p>11.La falta de pago de las mensualidades se reporta como incumplimiento del contrato por parte de el acudiente, y ser\u00e1 causal para la disoluci\u00f3n del presente contrato.<\/p>\n<p>12.El acudiente se compromete a pagar incondicionalmente, a la orden de la escuela la suma de las mensualidades que se adeuden seg\u00fan las cl\u00e1usulas de este contrato, cuando hubiere entrado en mora, renunciando al domicilio y a los requerimientos de pago. La escuela se reserva el derecho de retener documentaci\u00f3n en caso de no pago de dicha morosidad.<\/p>\n<p>13.Cuando el acudiente se encuentre moroso en dos mensualidades, su acudido no podr\u00e1 recibir los servicios a los cuales se compromete la escuela, lo que incluye clases y cualquier otra actividad relacionada. Si esta morosidad se mantiene para la fecha en que se realizar\u00e1n las pruebas trimestrales, el estudiante no podr\u00e1 realizar estas actividades hasta el d\u00eda h\u00e1bil siguiente en que se encuentre en paz y salvo; siempre y cuando las evaluaciones finales o promedios no est\u00e9n habilitados en el bolet\u00edn.<\/p>\n<p>14.Solo tendr\u00e1n derecho a investigar sobre los cuidados de los ni\u00f1os y ni\u00f1as sus acudientes (debidamente registrados en el contrato).<\/p>\n<p>15.La escuela declara que el presente contrato no ser\u00e1 renovado para el siguiente a\u00f1o lectivo, cuando el acudido (a) hubiere incurrido en responsabilidad comprobada por actos que atenten contra la oferta educativa o sean contrarias a sus normativas o cuando el acudiente no hubiere cumplido de forma regular y puntual las obligaciones que asume ante la escuela, producto de este contrato. La escuela avisar\u00e1 a el acudiente, en forma escrita lo anterior y emitir\u00e1 las certificaciones correspondientes, previo pago de las deudas vencidas.<\/p>\n<p>16.Igualmente ser\u00e1 causal de disoluci\u00f3n del contrato y la no renovaci\u00f3n para el siguiente a\u00f1o lectivo, cuando el acudido (a) o el acudiente difundan, por cualquier medio, informaci\u00f3n, comentarios, frases, noticias y de cualquier otro tipo, que atente contra el buen nombre de la escuela, sus estudiantes o el personal docente y administrativo.<\/p>\n<p>17.Para comunicarse con las docentes utilizar la plataforma (si es urgente a la direcci\u00f3n).Puede comunicarse al siguiente correo chispitasdelsaberch@gmail.com.<\/p>\n<p>18.El acudiente reconoce que su participaci\u00f3n en la educaci\u00f3n de su acudido(a) es necesaria y fundamental. En tal sentido se compromete a cumplir con los requerimientos, citas o convocatorias que realicen la Escuela y el Club de Padres de Familia.<\/p>\n<p>19. La escuela facilitar\u00e1 la labor del Club de Padres de Familia como el ente que coadyuvar\u00e1, con sus mejores esfuerzos, para alcanzar los objetivos del sistema educativo en que se enmarca la educaci\u00f3n paname\u00f1a.<\/p>\n<p>20.El acudiente se obliga a pagar la cuota de B\/.5.00 de el Club de Padres de Familia al momento de matricular a su acudido (a).<\/p>\n<p>21.Una vez iniciado el per\u00edodo de matr\u00edcula el cupo debe ser cancelado a m\u00e1s tardar el 18 de noviembre de 2026, de lo contrario la escuela har\u00e1 uso del cupo.<\/p>\n<p>22.La modalidad de las clases para el per\u00edodo 2026 en nuestro centro, est\u00e1 sujeta a las disposiciones que dicte el Ministerio de Educaci\u00f3n.<\/p>\n<p>23.Cada padre debe revisar su plataforma en la secci\u00f3n de pagos a fin de llevar su propio control y evitar la morosidad. La contrase\u00f1a y usuario de la plataforma es la cedula del estudiante. Esta plataforma puede ser descargada en su celular.<\/p>\n<p>24.Para mayor constancia de lo acordado firmamos el presente contrato.<\/p>\n<div class=\"wpforms-field-content-display-frontend-clear\"><\/div><\/div><\/div><\/div><!-- .wpforms-field-container --><div class=\"wpforms-submit-container\" ><input type=\"hidden\" name=\"wpforms[id]\" value=\"9026\"><input type=\"hidden\" name=\"wpforms[author]\" value=\"1\"><button type=\"submit\" name=\"wpforms[submit]\" id=\"wpforms-submit-9026\" class=\"wpforms-submit\" data-alt-text=\"Enviando ...\" data-submit-text=\"Enviar -  Al enviar mi informaci\u00f3n, Acepto los T\u00e9rminos y Condiciones del Contrato\" aria-live=\"assertive\" value=\"wpforms-submit\">Enviar -  Al enviar mi informaci\u00f3n, Acepto los T\u00e9rminos y Condiciones del Contrato<\/button><img decoding=\"async\" src=\"https:\/\/fundacioninstitutospanama.com\/wp-content\/plugins\/wpforms\/assets\/images\/submit-spin.svg\" class=\"wpforms-submit-spinner\" style=\"display: none;\" width=\"26\" height=\"26\" alt=\"Cargando\"><\/div><\/form><\/div>  <!-- .wpforms-container -->\t\t\t\t<\/div>\n\t\t\t\t<\/div>\n\t\t\t\t\t<\/div>\n\t\t<\/div>\n\t\t\t\t\t<\/div>\n\t\t<\/section>\n\t\t\t\t<\/div>\n\t\t","protected":false},"excerpt":{"rendered":"<p>Matr\u00edcula en L\u00ednea Por favor, activa JavaScript en tu navegador para completar este formulario.Por favor, activa JavaScript en tu navegador para completar este formulario.Yo, ( Escriba su nombre exactamente igual a su cedula) *Layoutcon C\u00e9dula de identidad *estudiante del nivel *y correo electr\u00f3nico *acudiente de: *con n\u00famero de celular *Envie la Im\u00e1gen del Slip de [&hellip;]<\/p>\n","protected":false},"author":1,"featured_media":0,"parent":0,"menu_order":0,"comment_status":"closed","ping_status":"closed","template":"","meta":{"_joinchat":[],"footnotes":""},"class_list":["post-8997","page","type-page","status-publish","hentry"],"aioseo_notices":[],"_links":{"self":[{"href":"https:\/\/fundacioninstitutospanama.com\/index.php?rest_route=\/wp\/v2\/pages\/8997","targetHints":{"allow":["GET"]}}],"collection":[{"href":"https:\/\/fundacioninstitutospanama.com\/index.php?rest_route=\/wp\/v2\/pages"}],"about":[{"href":"https:\/\/fundacioninstitutospanama.com\/index.php?rest_route=\/wp\/v2\/types\/page"}],"author":[{"embeddable":true,"href":"https:\/\/fundacioninstitutospanama.com\/index.php?rest_route=\/wp\/v2\/users\/1"}],"replies":[{"embeddable":true,"href":"https:\/\/fundacioninstitutospanama.com\/index.php?rest_route=%2Fwp%2Fv2%2Fcomments&post=8997"}],"version-history":[{"count":31,"href":"https:\/\/fundacioninstitutospanama.com\/index.php?rest_route=\/wp\/v2\/pages\/8997\/revisions"}],"predecessor-version":[{"id":9048,"href":"https:\/\/fundacioninstitutospanama.com\/index.php?rest_route=\/wp\/v2\/pages\/8997\/revisions\/9048"}],"wp:attachment":[{"href":"https:\/\/fundacioninstitutospanama.com\/index.php?rest_route=%2Fwp%2Fv2%2Fmedia&parent=8997"}],"curies":[{"name":"wp","href":"https:\/\/api.w.org\/{rel}","templated":true}]}}